27)/6)/((-3)/32). Calculate the highest common divisor of l and a.
6
Let r(x) be the third derivative of x**4/6 - 7*x**3/6 + 3*x**2. Let n be r(7). Calculate the greatest common divisor of 168 and n.
21
Let m be (-151)/(-6) + (-2)/12. What is the greatest common factor of m and 275?
25
Suppose -2*i + 21 = 5*u + 1, -2*u = -4. Let a(g) = 3*g**3 - g**2 + 4*g - 3. Let j be a(2). Calculate the highest common divisor of j and i.
5
Suppose 0 = m - 4*o - 132, 5*m - 704 = -o - o. What is the greatest common divisor of 28 and m?
28
Suppose 0 = 2*n + 2*a - 38, -13 - 13 = -2*n + 2*a. Let t = 29 - -11. Calculate the greatest common factor of t and n.
8
Suppose 3*n = 22 + 2. What is the highest common factor of 8 and n?
8
Let v(j) = -j**3 + 9*j**2 - 8*j + 2. Let h be v(8). What is the highest common divisor of 4 and h?
2
Let c be 9/(-6) - (-27)/6. Let k(t) = 5*t + 4. Let o be k(c). Let m = -6 + o. Calculate the highest common divisor of m and 52.
13
Suppose -6*s + 4*s = 0. Suppose -2*j + s*j = -20. What is the greatest common factor of j and 20?
10
Let j be (23/(-4))/((-2)/8). Suppose j + 31 = 3*u. Calculate the greatest common divisor of 27 and u.
9
Let b be 17 + 0 + (-21)/(-7). Let i = 3 + -1. Suppose -i*z + 21 = 2*j + 1, 0 = -5*j - b. Calculate the highest common factor of z and 126.
14
Let d(a) = a**2 - a + 20. Let f be d(0). Calculate the greatest common factor of f and 30.
10
Let v be (3 + -5)*33/(-6). What is the highest common factor of 55 and v?
11
Let i = -4 - -13. Let d = -16 + 22. Let l = i - d. What is the greatest common divisor of 15 and l?
3
Suppose 24*n - 17*n = 882. Suppose -2*t + 25 + 3 = 0. Calculate the highest common divisor of t and n.
14
Let z = 74 - 29. Suppose 6*k - 27 = 3*k. Calculate the highest common divisor of z and k.
9
Let o = 21 + -13. Let g = 11 - o. Suppose -c = -2*c - g*y - 8, 8 = 2*c - 2*y. What is the greatest common divisor of c and 1?
1
Suppose 4*b - 6*b = 8, 0 = 5*i + 5*b + 5. Suppose 0 = -5*y + i + 2. What is the highest common divisor of y and 1?
1
Suppose 4*v - 2*v = 12. Suppose v = 3*o - 2*o. Let s = 26 - 11. What is the greatest common divisor of s and o?
3
Let h = 1 - -4. Suppose 12 = h*i - 78. Suppose -4*f = -l - 6, -f - 47 - i = -5*l. What is the greatest common divisor of l and 35?
7
Suppose 3*z + 0*z + 54 = 0. Let m(l) = -1. Let j(t) = -t + 12. Let v(g) = z*m(g) - 2*j(g). Let c be v(4). What is the highest common divisor of 6 and c?
2
Suppose u - 1 = -0. Let n be -1 - 9/(u/(-1)). Let f = -56 + 60. Calculate the highest common divisor of n and f.
4
Suppose 4*f + c - 15 = 2*f, -4*c + 20 = 0. Suppose 0 = 2*v + k - 25, -3*v - k = -f*v + 31. What is the greatest common factor of 98 and v?
14
Let w = 42 - 35. Calculate the highest common divisor of 63 and w.
7
Let t be 25/2*4/5. Let s(j) = -10*j**3 - j**2 - j. Let m be s(-1). Calculate the highest common divisor of t and m.
10
Let s be (-2)/(-7) - 192/(-112). What is the highest common factor of s and 22?
2
Let g = 116 - 98. Calculate the greatest common divisor of g and 6.
6
Suppose -2*n - 5*z = -65, -n + 5*z = n - 15. Let c(k) = k**2 + 2*k + 2. Let w be c(-4). What is the highest common factor of n and w?
10
Let i = 28 + 119. Suppose -3*o + 54 = 3*l, -2*l + 3*l = -2*o + 20. Let x be 334/l - 8/(-64). What is the greatest common divisor of i and x?
21
Suppose -62 = -11*o + 59. Calculate the greatest common factor of 11 and o.
11
Suppose 2*f + w = 237, 3*f + 3*w = -2*w + 345. Let m = 255 - f. What is the highest common divisor of 15 and m?
15
Suppose 13*k - 36 = 354. Suppose -9*z + 4*z = -50. Calculate the highest common factor of z and k.
10
Let j be 884/(-39)*(-6)/4. Suppose -j - 48 = -5*h + 4*u, 2*h + 4*u = 44. Calculate the greatest common divisor of 18 and h.
18
Suppose 4*s + 20 = 0, -3*s - 226 = -4*y - s. Suppose 5*d + 8*p = 3*p - 30, -2*d + 4*p = -18. Let z = 5 - d. What is the highest common factor of z and y?
6
Suppose 5*t - f = 18, 6*t + 9 = 4*t - 5*f. Let d be 9/(0 - t) - -14. What is the greatest common factor of 11 and d?
11
Let h = -41 - -55. Let k be 1/(-4) - (-617)/4. Calculate the greatest common divisor of h and k.
14
Let m = 8 - 2. Let c be 6/(4/8 - -1). Calculate the highest common divisor of m and c.
2
Suppose 35 - 11 = 4*a. Suppose f - 3*f + 4*w + 30 = 0, -5*f = -2*w - 35. Suppose -16 + 1 = -f*i. Calculate the greatest common divisor of a and i.
3
Let y be 135/(-3 + 0/(-2) - -4). What is the greatest common divisor of y and 5?
5
Let g be (34 - -2) + (9 - 5). What is the highest common divisor of 50 and g?
10
Suppose 3*m + t - 10 = 1, 0 = -m - 2*t - 3. Suppose -3*k = -2*k - 5. Calculate the greatest common divisor of m and k.
5
Suppose 3*q + 4*q - 259 = 0. What is the greatest common divisor of 296 and q?
37
Let s be 668/24 + -2 + 2/12. Calculate the highest common divisor of s and 286.
26
Let x = 228 + -162. Suppose 2*j = -3*p - 14, 2*j = -4*p - 2*j - 20. Let n be p/(-10) - 56/(-10). Calculate the highest common divisor of x and n.
6
Let h = -48 - -60. Calculate the highest common factor of h and 4.
4
Suppose 0 = 4*b + 2*s + 20, 0*b + 2*s - 4 = 2*b. Let m = -4 - b. Suppose m = 2*r - 94 - 32. What is the highest common divisor of 7 and r?
7
Suppose -5*i + 19 + 1 = 0. Suppose -a - 2 = -14. What is the greatest common divisor of a and i?
4
Suppose 0 = -5*r + r + 12. Calculate the highest common factor of 24 and r.
3
Let x(k) = -k**3 + 6*k**2 + 7*k + 5. Let f be x(7). Let m = 9 - f. Calculate the greatest common divisor of m and 12.
4
Let w be (1 - 4)/((-15)/(-20)). Let u = 8 + w. Suppose -u*x + 14 = -6. What is the greatest common factor of x and 35?
5
Let z(f) = -2*f + 9. Let w be z(6). Let x = w - -11. Let j(t) = -7*t + 2. Let r be j(-2). Calculate the greatest common divisor of r and x.
8
Let p(s) = s**2 + 19*s - 54. Let d be p(-22). Calculate the greatest common factor of 48 and d.
12
Let w be (0 + -1 - 71)/(-1). Suppose 4*n - 78 = -4*s + n, 0 = 5*s - 2*n - 86. What is the highest common factor of s and w?
18
Suppose 3*u - 12 = 0, 0 = 5*h + u + 2*u - 27. Suppose 0 = -2*m - g + 16, m - 32 = -h*m - 4*g. Let q = -37 + 57. What is the greatest common divisor of q and m?
4
Let o(n) = -10*n - 3. Let x be o(-2). Let f = -8 + x. What is the highest common factor of f and 63?
9
Suppose -3*l + 13 = -5. What is the highest common factor of 48 and l?
6
Suppose -2*f + 2 = 0, 14 = -3*p + 2*f - 12. Let u(h) = 2*h**2 - 5*h + 2. Let b be u(4). Let l be (-28)/8*p/b. Calculate the highest common factor of l and 4.
2
Let z(s) = 4*s + 1. Let t = 18 - 12. Let v be z(t). Calculate the highest common factor of v and 5.
5
Let t be (-1596)/(-48) - 10/8. What is the greatest common divisor of 4 and t?
4
Let w(d) = -d**3 - 8*d**2 + 8*d - 7. Let y be w(-9). Suppose y*i + i = -405. Let n = 267 + i. Calculate the highest common factor of n and 12.
12
Let y(x) = 11*x**2 - 4*x + 3. Let k = -2 - -3. Let z be y(k). What is the highest common divisor of z and 40?
10
Let m(r) = 4*r**2 + r. Let j be m(-1). Suppose -2*c - 144 = -j*c. Let p(v) = 6*v - 2. Let a be p(3). Calculate the greatest common factor of a and c.
16
Let o be 2/(2 - 0) - (-19 - 2). Let a be (2 - 2)/(1 - 0). Suppose a*j = j - 33. Calculate the greatest common factor of o and j.
11
Let z = -9 + 13. Let t = -9 + 13. Suppose h + 19 - t = a, 5*a + z*h - 57 = 0. Calculate the greatest common factor of a and 13.
13
Let x = -7 + 13. What is the greatest common factor of 3 and x?
3
Let d = 4 + -2. Suppose -k = -d*j + 3, 3*k = 4*k + j - 12. Let y(h) = 2*h - 9. Let f be y(8). What is the highest common factor of f and k?
7
Let r(k) = -2*k**2 - 70*k + 88. Let u be r(-36). Suppose -2*a = -a - 32. What is the highest common factor of u and a?
16
Let z be (-5)/(10/(-68))*1. Suppose -2*f + 3*f = -l + z, 5*f = 5*l - 150. What is the highest common divisor of 48 and l?
16
Let a = 115 - 35. Calculate the greatest common factor of a and 10.
10
Let g(y) = 3*y**2 + 14*y + 1. Let v be g(-8). What is the highest common factor of v and 27?
27
Suppose 3*k + 285 = -0*k. Let c = k - -194. Let t(q) = 2*q**2 + 2*q - 1. Let v be t(-3). Calculate the highest common factor of c and v.
11
Suppose -p + 60 = p. Let m = 352 - 342. Calculate the highest common divisor of m and p.
10
Let b = 33 - 17. Let z = 57 - 33. What is the highest common